n divisor of 2646 and 23913?
9
Calculate the highest common divisor of 3471963 and 165.
33
What is the highest common factor of 339242 and 58?
58
What is the greatest common divisor of 1116 and 298251?
279
Calculate the greatest common divisor of 1974 and 79242.
282
Calculate the greatest common factor of 31950 and 23850.
450
Calculate the highest common factor of 164 and 173.
1
Calculate the highest common divisor of 25399 and 55.
11
Calculate the greatest common factor of 174 and 30450.
174
Calculate the highest common divisor of 917982 and 13.
13
Calculate the highest common divisor of 160 and 200.
40
Calculate the greatest common divisor of 67 and 3440383.
67
What is the highest common divisor of 106362 and 414?
18
Calculate the greatest common factor of 2496 and 5668.
52
Calculate the greatest common divisor of 253 and 2944.
23
What is the greatest common factor of 2827 and 374?
11
What is the greatest common factor of 26 and 213018?
26
What is the highest common divisor of 69 and 636065?
23
Calculate the highest common divisor of 63 and 5620230.
63
What is the highest common factor of 545077 and 1196?
299
Calculate the greatest common divisor of 69718 and 88.
22
Calculate the highest common divisor of 124839 and 1164.
291
Calculate the highest common divisor of 62767 and 391.
23
What is the greatest common factor of 27980 and 6?
2
Calculate the highest common divisor of 73 and 60517.
73
Calculate the highest common divisor of 1382682 and 441.
147
Calculate the greatest common factor of 1 and 97755.
1
Calculate the greatest common divisor of 12489 and 130863.
543
What is the greatest common divisor of 15 and 1088020?
5
What is the greatest common factor of 3521042 and 3534?
1178
What is the greatest common divisor of 202761 and 78?
39
What is the highest common factor of 1945766 and 1842?
614
Calculate the greatest common factor of 2063934 and 999.
999
What is the greatest common divisor of 353639 and 44?
11
What is the greatest common divisor of 245 and 299929?
49
Calculate the highest common factor of 40 and 9260400.
40
What is the greatest common factor of 9892 and 36?
4
What is the greatest common divisor of 534 and 584018?
178
What is the greatest common factor of 2838 and 726?
66
Calculate the highest common divisor of 40 and 156900.
20
Calculate the greatest common divisor of 474 and 280134.
474
Calculate the highest common divisor of 52353 and 105.
21
What is the greatest common divisor of 18 and 7118?
2
Calculate the greatest common divisor of 65511 and 3103.
29
Calculate the greatest common factor of 780 and 51532.
52
What is the highest common factor of 19662 and 12?
6
Calculate the greatest common divisor of 26878 and 906.
302
What is the greatest common factor of 2679642 and 102?
102
Calculate the highest common factor of 5555 and 1265.
55
Calculate the greatest common factor of 36657 and 144.
9
What is the greatest common divisor of 530 and 101110?
10
What is the greatest common divisor of 28 and 71162?
14
Calculate the highest common factor of 3285 and 1665.
45
What is the highest common factor of 28677 and 726?
363
Calculate the highest common factor of 6912 and 258.
6
Calculate the greatest common divisor of 119776 and 4104.
152
What is the highest common divisor of 2510382 and 378?
42
Calculate the highest common factor of 730 and 381790.
730
What is the greatest common divisor of 1649 and 117952?
97
What is the highest common factor of 393 and 24?
3
Calculate the greatest common divisor of 1620 and 141165.
45
What is the greatest common divisor of 18 and 386838?
18
What is the highest common divisor of 9 and 170631?
9
Calculate the greatest common factor of 17 and 45271.
17
What is the highest common divisor of 286 and 14564?
22
Calculate the highest common divisor of 244407 and 1585.
317
What is the highest common factor of 390 and 5970?
30
What is the greatest common divisor of 533 and 206375?
13
What is the highest common divisor of 630 and 194418?
126
Calculate the highest common factor of 126887 and 223.
223
What is the greatest common divisor of 6 and 427026?
6
What is the greatest common factor of 704 and 146696?
88
What is the highest common divisor of 484846 and 1192?
298
Calculate the highest common divisor of 22 and 2362877.
11
What is the highest common factor of 425 and 228055?
85
What is the highest common divisor of 7111 and 26?
13
What is the greatest common factor of 7 and 282443?
7
Calculate the greatest common divisor of 653 and 20896.
653
What is the greatest common divisor of 116 and 1749686?
58
Calculate the greatest common divisor of 2094 and 12.
6
What is the highest common divisor of 513 and 2166?
57
Calculate the greatest common factor of 302022 and 450.
18
What is the highest common divisor of 110 and 2740?
10
What is the highest common factor of 10276 and 6239?
367
Calculate the highest common divisor of 21659 and 638.
11
Calculate the highest common divisor of 437 and 207138.
437
Calculate the highest common divisor of 860160 and 231.
21
Calculate the greatest common divisor of 6448 and 36828.
124
What is the highest common factor of 4130 and 198653?
413
Calculate the greatest common factor of 74563 and 431.
431
What is the highest common divisor of 8843 and 3824?
239
Calculate the highest common factor of 140 and 7504070.
70
Calculate the highest common divisor of 103 and 165521.
103
Calculate the greatest common factor of 105693 and 3595.
719
What is the greatest common factor of 858 and 94908?
66
Calculate the highest common divisor of 26854 and 87.
29
Calculate the greatest common divisor of 187704 and 8216.
632
What is the highest common factor of 205 and 135?
5
Calculate the highest common divisor of 3920 and 441.
49
What is the highest common divisor of 9225 and 9600?
75
Calculate the greatest common divisor of 2177 and 679.
7
What is the greatest common divisor of 208 and 20775040?
208
Calculate the greatest common factor of 62269 and 365.
73
What is the greatest common divisor of 3 and 29658?
3
Calculate the greatest common factor of 98021 and 154.
77
What is the highest common divisor of 283400 and 120?
40
Calculate the greatest common factor of 4112 and 58082.
514
Calculate the highest common factor of 20900 and 76.
76
Calculate the highest common divisor of 1092 and 8628.
12
Calculate the highest common divisor of 1696 and 30952.
424
Calculate the highest common divisor of 192 and 7119552.
192
What is the greatest common factor of 260 and 55588?
52
Calculate the greatest common factor of 411968 and 1727.
157
What is the highest common divisor of 4439 and 5597?
193
Calculate the highest common factor of 604300 and 35.
5
Calculate the greatest common divisor of 134 and 14337732.
134
Calculate the highest common divisor of 3091 and 2101.
11
Calculate the highest common divisor of 7743 and 91136.
89
Calculate the greatest common factor of 1308 and 232061.
109
What is the greatest common factor of 1189 and 5648939?
1189
Calculate the highest common divisor of 21281 and 65.
13
What is the highest common divisor of 365 and 234403?
73
Calculate the greatest common factor of 8335 and 435.
5
What is the greatest common factor of 170360 and 40?
40
What is the greatest common factor of 2888 and 1368?
152
What is the greatest common factor of 321501 and 3?
3
What is the highest common factor of 210 and 22806?
42
Calculate the greatest common factor of 451 and 79253.
41
What is the greatest common factor of 980 and 11270?
490
Calculate the highest common divisor of 1166 and 58102.
22
Calculate the highest common factor of 75422 and 1161.
43
What is the highest common factor of 819 and 611?
13
What is the greatest common factor of 25641 and 24087?
777
Calculate the greatest common factor of 1192917 and 2442.
1221
What is the greatest common divisor of 254523 and 1443?
111
Calculate the greatest common divisor of 170 and 15113.
17
Calculate the highest common factor of 682 and 1860.
62
Calculate the highest common factor of 1837671 and 699.
699
What is the greatest common factor of 54290 and 21960?
610
What is the greatest common divisor of 132 and 9924?
12
Calculate the highest common divisor of 15723 and 288.
9
What is the highest common divisor of 1052 and 217501?
263
Calculate the highe